 k?
7
Let b be -5*(-1)/(-4)*-4. Let c be 1*2/b*55. What is the units digit of c - (-9)/12*-4?
9
Suppose -2*a + 26 = h, h + 0*a - 51 = 3*a. Let u be ((-1)/2)/(2/h). What is the tens digit of (-2 - u/(-3))*-7?
3
Suppose 0 = -18*k - 20*k + 26258. What is the units digit of k?
1
Suppose 11 = 3*c + 5*l, 2*c + 0*c = 4*l - 22. Let q be (-2 + 1)/(c/6). Suppose 34 = 4*a - 3*v, v = -q*a - 0*a + 12. What is the units digit of a?
7
Let w(y) = y**2 + 29*y + 65. What is the units digit of w(-34)?
5
What is the hundreds digit of (((-3515)/20)/19)/((-1)/68)?
6
Let v = -2 - -2. Let r be -3 + v + (0 - -3). Suppose 3*h = -h - 3*y + 5, r = 3*y + 15. What is the units digit of h?
5
What is the units digit of (620/(-60) + 10)*(-23190)/2?
5
Let f be -4 + (0 - (-187 - -3)). Let j be f/(-25)*5/(-2). Suppose 4*o - 33 = -b, 3*b = 3*o - j - 18. What is the units digit of o?
9
Let f = 4716 - 3345. What is the tens digit of f?
7
Suppose 0 = 3*h - 5*u + 14, -h + 16*u - 14 = 12*u. Let b(g) = 3*g**2 + g. Let q be b(-1). Let y = q + h. What is the units digit of y?
4
Suppose 2*u = z - 3*u - 17, 3*z + 2*u = 102. Let j be (43 - -6) + 0 + -1. Let t = j - z. What is the tens digit of t?
1
Suppose 0*m + 13 = -f - 5*m, -m - 67 = 3*f. Let w = 33 + f. Suppose 0 = -13*g + w*g + 24. What is the units digit of g?
8
Suppose -4*f + 1340 = -4*k, 2*f + 4*k = -k + 656. Suppose -7*r + f = -108. What is the units digit of r?
3
Let a(u) = -u**2 - 7*u - 3. Let z be a(-6). Suppose -v + 10 = 4*i, 4*i + z*v - 3 - 3 = 0. Suppose -3*x + 15 = -i. What is the units digit of x?
6
Let h(m) be the first derivative of 2*m**3/3 - m**2/2 - 6*m - 3. Let p be h(6). Let c = -30 + p. What is the tens digit of c?
3
Let k(n) be the second derivative of 32*n**3/3 + n**2 - 38*n. What is the units digit of k(2)?
0
Suppose 2*c = 4*q + 6*c + 228, -4*q = -5*c + 273. Let v = q - -186. What is the tens digit of v?
2
Suppose -26 = -3*o - 5*n, 2*o - 30 = 5*n + 4. Let i be (-4)/o + 1/3. Suppose i*b = -b + 26. What is the units digit of b?
6
Let b = 13 + 196. What is the tens digit of b?
0
Let c be ((-16)/104 + (-4)/(-26))/3. Suppose -2*o + 136 + 70 = c. What is the hundreds digit of o?
1
Let u(o) = o**3 - 3*o**2 - 11*o + 14. Let n be u(6). Let f = 35 + n. What is the tens digit of f?
9
Suppose 8 = 5*y - 2. Suppose w + 0*b + y*b = 79, -5*w = 4*b - 425. What is the units digit of w?
9
Let p = 74 + -71. Suppose -31 - 2 = -p*c. What is the units digit of c?
1
Let y = 3122 - 1439. What is the tens digit of y?
8
Let q(l) = -l + 23. Let u be q(0). Suppose -8*g + 24 = -0. Suppose g*n - u = 82. What is the tens digit of n?
3
Suppose 5*i + 2 = 17. Suppose i*r - 105 = -33. What is the tens digit of r?
2
Let i(v) = 0*v + 0 + 7*v + 11. What is the tens digit of i(5)?
4
Let q(z) = -z**3 - 6*z**2 + 10*z - 2. Let u be q(-9). Let o = -53 + u. What is the tens digit of o?
9
Suppose -3 = 4*c - 7. What is the tens digit of (-23)/(c*5/(-15))?
6
Let y be (4/3)/((-2)/(-3)). Suppose -g = y*g - 9. Suppose v = -5, -5*d + 5*v + 150 = g*v. What is the tens digit of d?
2
Let y(h) be the first derivative of -5*h**2/2 - 16*h + 27. What is the units digit of y(-24)?
4
Let i(f) = 2*f + 4. Let j be i(6). What is the units digit of (j/(-56))/(1/(-469))?
4
Suppose -31*x + 25 = -36*x, -3*a - 5*x = -1928. What is the hundreds digit of a?
6
Let a be (-2)/13 + (-84)/(-39). Suppose a*p - 31 = 105. What is the tens digit of p?
6
Let u(w) = -4*w**3 + 2*w**2 + 2*w + 2. Suppose 8 = -k + 6. What is the tens digit of u(k)?
3
Suppose -7 + 1 = -2*k, -h + 4*k = -61. Let l = 21 + 7. Let j = h - l. What is the tens digit of j?
4
Suppose 71 - 24 = r + 5*z, -2*r + 79 = 5*z. Suppose 9*y + r = 5*y. Let c = y - -40. What is the units digit of c?
2
What is the hundreds digit of 8 + (5 - (0 + -1515))?
5
Suppose -51 - 6 = -j. Let b = -14 + -11. Let q = b + j. What is the units digit of q?
2
Suppose 0 = 5*q - 5 + 45. Let s = 44 - q. Suppose -54 = -4*u + m, -2*m - s = -3*u - 9. What is the tens digit of u?
1
Let i = -22 + 37. Let y = -22 + i. Let k = 14 + y. What is the units digit of k?
7
Suppose -21*v = -25*v + 1432. Suppose -8*d = -10*d + v. What is the hundreds digit of d?
1
Let k(u) = 10*u - 26. Suppose 0 = -0*j - 7*j + 35. What is the tens digit of k(j)?
2
Let z = 2153 - -129. What is the units digit of z?
2
What is the tens digit of (1 - 1) + 407 + 0?
0
Suppose 4*j - q + 3*q + 668 = 0, -5*q = -j - 145. What is the tens digit of (2 - 4) + j/(3 - 8)?
3
Let x(a) = -9*a + 8. Let f be x(-6). Let z be 2 - 1/((-4)/12). Suppose 3*w = z*w - f. What is the tens digit of w?
3
Let v(l) = -7*l. Let a(w) = w**2 + 36*w - 1. Let d(s) = 2*a(s) + 11*v(s). Let m be (-28)/(-4) - -4*(-5)/10. What is the tens digit of d(m)?
2
Let i(t) = -158*t - 85. What is the thousands digit of i(-7)?
1
Suppose 2*q = -0*q + 10. Suppose q*i = 4*s + 502, -i - s + 410 = 3*i. What is the units digit of i?
2
Suppose 2*i = 4*p - 384, 0 = 2*p + 2*p - i - 380. What is the units digit of p?
4
Let d(n) = -n**3 + 24*n**2 - n + 35. Suppose -3*k - 24 = -z, 34 = 2*z + 4*k - 14. What is the tens digit of d(z)?
1
Let x(m) = m**3 - 3*m**2 + 5*m - 3. Let p be x(3). Suppose -2*g + p = g. Suppose n - g*y = 28, -51 = -4*n - 3*y + 137. What is the units digit of n?
4
Let n(u) = 16*u - 7. Let g be (-1)/4 + 17/4. What is the units digit of n(g)?
7
Suppose -6*r - 148 + 172 = 0. Let b be (0 + 37)/(-1)*-4. Suppose -5*w = -0*x - x - b, -5*w - r*x = -133. What is the units digit of w?
9
Let x = 449 - 235. What is the tens digit of x?
1
Suppose -15529 - 13381 = -5*h. What is the units digit of h?
2
What is the units digit of 1362/3*(-18)/(-12)?
1
Let d be 8/6*9/6. Suppose 2*q - 3 = 5. Suppose -q*m + 66 = d*m. What is the tens digit of m?
1
Let o(u) = u**3 - 8*u**2 - 10*u + 12. Let t be o(9). Let z = t + 3. Suppose 8*j - z*j - 10 = 0. What is the units digit of j?
5
Suppose -2*q = -j - 10, -j = -6*q + 2*q + 18. Suppose -2*n = q*m - 5*n - 100, 0 = -n. What is the units digit of m?
5
Suppose 4*t = 1958 - 74. What is the tens digit of t?
7
Let i(l) = l**3 + 6*l**2 - 8*l - 5. Let y be i(-7). Let s be y/3 - 116/12. Let z(b) = b + 22. What is the units digit of z(s)?
3
What is the thousands digit of 2211/(0 - ((-66)/(-4))/(-11))?
1
Let s(b) = -1591*b + 213. What is the units digit of s(-3)?
6
Suppose -932 = -9*k + 2128. What is the units digit of k?
0
Let l(q) = 8*q**2 + 3*q + 1. Let s be l(-3). Suppose -3*y = -y + s. Let c = 68 + y. What is the units digit of c?
6
What is the tens digit of (2/15)/((-6)/9)*-215?
4
What is the units digit of (-4512)/(-16) + 3/(-3)?
1
Suppose -1599 = 6*y - 7683. What is the units digit of y?
4
Suppose -16 = -c + 48. Let d = -9 + c. What is the tens digit of d?
5
Let k be ((-2)/4)/(3/(-24)). What is the units digit of 10/k*(-8)/(-4)?
5
Suppose -4542 = -10*c + 2468. What is the tens digit of c?
0
Let t = 1 + 1. Suppose -3*h - 12 = -3*a, t = -3*a + h + 22. What is the units digit of (-5)/(10/a) - -57?
3
Suppose -4*s - 4022 = -5*f, 2*f + 3*s = -1 + 1596. What is the units digit of f?
2
Suppose -2722 - 1537 = -5*y - 2*q, y - 841 = 5*q. Suppose -517 - y = -4*m. What is the tens digit of (8/12)/(4/m)?
5
Suppose -4*i + 5*v + 6032 = -1725, -i + 1937 = -2*v. What is the hundreds digit of i?
9
What is the tens digit of (78/(-15))/((10 - 0)/(-1150))?
9
Let m = 1210 + -1744. What is the tens digit of 1/2*m/(-3)?
8
Let b = -2947 + 4047. What is the thousands digit of b?
1
Let u = 15681 - 10018. What is the tens digit of u?
6
Suppose 0 = -3*q - 0*q + 33. Let z(u) = -u**3 + 11*u**2 + 3*u - 13. Let f be z(q). Let y = f + -1. What is the units digit of y?
9
Let m(s) = 4*s - 30. Let r be m(9). Suppose 0*w + 579 = 5*u + 2*w, r = -2*w. What is the units digit of u?
7
Suppose 0*x + 5*x = 290. Suppose 87 = 3*z + 5*s, 0 = -2*z - s + 6*s + x. What is the tens digit of z?
2
Let u be ((-75)/(-4))/(((-28)/16)/(-7)). What is the units digit of ((-60)/u)/(4/(-770))?
4
Suppose 3*p - 5*p = -80. Suppose -2*k - 2*k + p = -4*v, -v = -5*k + 38. What is the units digit of k?
7
Let w(f) = 11*f. Let v be w(9). Suppose -4*h = -9 - v. What is the units digit of h?
7
Let q(a) = 19*a + 131. What is the units digit of q(26)?
5
What is the hundreds digit of 10/(-3)*(-259)/(-14)*-3?
1
Suppose c = 6*c + 685. Let n = -83 - c. What is the units digit of n?
4
Suppo